{"id":46,"date":"2021-12-07T19:39:10","date_gmt":"2021-12-07T18:39:10","guid":{"rendered":"https:\/\/bifix.hr\/?page_id=46"},"modified":"2022-04-04T13:25:48","modified_gmt":"2022-04-04T11:25:48","slug":"proizvodi-za-gradevinarstvo","status":"publish","type":"page","link":"https:\/\/bifix.hr\/index.php\/proizvodi-za-gradevinarstvo\/","title":{"rendered":"Program proizvoda za gra\u0111evinarstvo"},"content":{"rendered":"<!--themify_builder_content-->\n<div id=\"themify_builder_content-46\" data-postid=\"46\" class=\"themify_builder_content themify_builder_content-46 themify_builder tf_clear\">\n    \t<!-- module_row -->\n\t<div  data-lazy=\"1\" class=\"module_row themify_builder_row tb_bm9337 tb_first tf_clearfix\">\n\t    \t\t<div class=\"row_inner col_align_top tf_box tf_w tf_rel\">\n\t\t\t<div  data-lazy=\"1\" class=\"module_column tb-column col-full first tb_5ahk40 tf_box\">\n\t\t\t    \t        <div class=\"tb-column-inner tf_box tf_w\">\n\t\t    <!-- module text -->\n<div  class=\"module module-text tb_q6ak271   \" data-lazy=\"1\">\n        <div  class=\"tb_text_wrap\">\n    <p>Proizvodnja proizvoda za gra\u0111evinarstvo zapo\u010dinje sada ve\u0107 davne 1973. godine osnutkom Bifixa pa proizvodi ovoga programa imaju tradiciju, kvalitetu i iskustvo proizvodnje punih 48 godina.<\/p>\n<p>Paletu osnovnih Bifixovih proizvoda za gra\u0111evinarstvo \u010dine ljepila za keramiku i kamen, fasadni toplinski sustav, mase za izravnavanje zidova i podova, impregnacije, boje za unutarnje i vanjske zidove, ukrasne \u017ebuke, hidroizolacija te proizvodi na bazi gipsa. Danas Bifixovu paletu proizvoda za gra\u0111evinarstvo \u010dini <strong>vi\u0161e od 70 razli\u010ditih proizvoda<\/strong>.<\/p>\n<p>Neki od na\u0161ih istaknutijih i najprodavanijih proizvoda koje izdvajamo su <strong>hidroizolacija H2Ostop<\/strong> \u2013 posebno popularan proizvod sa 100%-tno \u201epogo\u0111enim\u201c omjerom cijene i kvalitete, ljepila za keramiku <strong>Inocoll <\/strong>svih kategorija, proizvodi za toplinsko-energetsku obnovu fasada u sustavu <strong>BIETIKS<\/strong>, zavr\u0161ne dekorativne \u017ebuke <strong>Abrolen-G<\/strong>. Osim navedenog, Bifix je unazad 15 godina razvio i komercijalizirao novu paletu proizvoda, pod krovnim nazivom <strong>BI-ANTIQUE<\/strong> \u2013 razvijenu s namjerom proizvodnje usko-specijaliziranog proizvoda namijenjenog sanaciji starih fasada te gradskih zidina unutar starogradskih jezgri gradova. Upravo ovi su proizvodi kori\u0161teni prilikom sanacija fasada crkvi u Bujama, Umagu, Brtonigli, Mo\u0161\u0107eni\u010dkoj Dragi, rektorata u Rijeci, zidina u Iloku, stambenih objekata u Bujama, Gro\u017enjanu, Rovinju, hotela Plat u Dubrovniku,\u2026itd.<\/p>\n<p>Zavisno od konzervatorskih zahtjeva, Bifix pod nazivom BI-ANTIQUE mo\u017ee ponuditi dvije grupe proizvoda \u2013 <u>Standardne BI-ANTIQUE proizvode<\/u>: masu za popravak zidova Gletafix-extra, univerzalnu kvarcnu impregnaciju i silikatnu fasadnu boju Abrosil ili finu fasadnu \u017ebuku Naturen-F, te <u>\u201ekonzervatorske\u201c BI-ANTIQUE proizvode<\/u> poput Bi-Antique \u017ebuke na bazi hidrauli\u010dnog vapna i ekopucolana, silikatne impregnacije Bi-Antique i silikatne boje Abrosil Bi-Antique.<\/p>\n<p><strong>Za sve dodatne informacije oko proizvoda za gra\u0111evinarstvo pogledajte na\u0161 katalog proizvoda ili nam se slobodno javite putem e-maila\/telefona\/online obrasca.<\/strong><\/p>\n<p><em>Va\u0161 BIFIX tim<\/em><\/p>\n<p>\u00a0<\/p>    <\/div>\n<\/div>\n<!-- \/module text --><!-- module callout -->\n<div  class=\"module ui module-callout tb_j2qa546 button-bottom-center orange   \" data-lazy=\"1\">\n    \n    <div class=\"callout-inner\">\n\t<div class=\"callout-content tf_left\">\n\t    <h3 class=\"callout-heading\">Za dodatne informacije pogledajte na\u0161 on-line katalog<\/h3>\n\t    <div class=\"tb_text_wrap\">\n\t\t\t\t    <\/div>\n\t<\/div>\n\t<!-- \/callout-content -->\n\t\t    <div class=\"callout-button tf_right tf_textr\">\n\t\t    <a href=\"https:\/\/drive.google.com\/file\/d\/1mjmcZr9KyFuwFU-y90yGVIkzvE-yJewX\/view\" class=\"ui builder_button  black\" rel=\"noopener\" target=\"_blank\">\n\t\t\t\t<span class=\"tb_callout_text\">KATALOG PROIZVODA ZA GRA\u0110EVINARSTVO<\/span>\n\t\t    <\/a>\n\t\t<\/div>\n\t        <\/div>\n    <!-- \/callout-content -->\n<\/div>\n<!-- \/module callout -->\n<!-- module callout -->\n<div  class=\"module ui module-callout tb_5c5s998 button-bottom-center yellow   \" data-lazy=\"1\">\n    \n    <div class=\"callout-inner\">\n\t<div class=\"callout-content tf_left\">\n\t    <h3 class=\"callout-heading\">Za informacije o cijenama pogledajte na\u0161 cjenik proizvoda za gra\u0111evinarstvo <\/h3>\n\t    <div class=\"tb_text_wrap\">\n\t\t\t\t    <\/div>\n\t<\/div>\n\t<!-- \/callout-content -->\n\t\t    <div class=\"callout-button tf_right tf_textr\">\n\t\t    <a href=\"https:\/\/bifix.hr\/wp-content\/uploads\/2022\/04\/BIFIX-CJENIK-_01.04.2022.pdf\" class=\"ui builder_button  black\" rel=\"noopener\" target=\"_blank\">\n\t\t\t\t<span class=\"tb_callout_text\">CJENIK PROIZVODA ZA GRA\u0110EVINARSTVO<\/span>\n\t\t    <\/a>\n\t\t<\/div>\n\t        <\/div>\n    <!-- \/callout-content -->\n<\/div>\n<!-- \/module callout -->\n\t<div  data-lazy=\"1\" class=\"module_subrow themify_builder_sub_row tb_1e2k876 tf_w tf_clearfix\">\n\t    \t\t<div class=\"subrow_inner gutter-narrow col_align_top tf_box tf_w\">\n\t\t\t<div  data-lazy=\"1\" class=\"sub_column module_column tf_box col3-1 first tb_g8ks876\"> \n\t    \t    \t        <div class=\"tb-column-inner tf_box tf_w\">\n\t\t    <!-- module image -->\n<div  class=\"module module-image tb_h10x741   image-center tf_mw\" data-lazy=\"1\">\n        <div class=\"image-wrap tf_rel tf_mw\">\n\t\t    <img loading=\"lazy\" decoding=\"async\" width=\"600\" height=\"400\" src=\"https:\/\/bifix.hr\/wp-content\/uploads\/2021\/12\/Villa-Sanda-Slatine.jpg\" class=\"wp-post-image wp-image-255\" title=\"Villa Sanda Slatina\" alt=\"Villa Sanda Slatina\" srcset=\"https:\/\/bifix.hr\/wp-content\/uploads\/2021\/12\/Villa-Sanda-Slatine.jpg 600w, https:\/\/bifix.hr\/wp-content\/uploads\/2021\/12\/Villa-Sanda-Slatine-300x200.jpg 300w\" sizes=\"auto, (max-width: 600px) 100vw, 600px\" \/>\t\n\t\t<\/div>\n\t<!-- \/image-wrap -->\n    \n    \t<div class=\"image-content\">\n\t    \t\t\t<h3 class=\"image-title\">\n\t\t\t\t\t\t\t\t\tVilla Sanda Slatina\t\t\t\t\t\t\t<\/h3>\n\t    \n\t    \t<\/div>\n\t<!-- \/image-content -->\n    \t<\/div>\n<!-- \/module image -->\t        <\/div>\n\t    \t<\/div>\n\t\t<div  data-lazy=\"1\" class=\"sub_column module_column tf_box col3-1 middle tb_s39w876\"> \n\t    \t    \t        <div class=\"tb-column-inner tf_box tf_w\">\n\t\t    <!-- module image -->\n<div  class=\"module module-image tb_e87m658   image-center tf_mw\" data-lazy=\"1\">\n        <div class=\"image-wrap tf_rel tf_mw\">\n\t\t    <img loading=\"lazy\" decoding=\"async\" width=\"600\" height=\"400\" src=\"https:\/\/bifix.hr\/wp-content\/uploads\/2021\/12\/valamar-girandella-resort.jpg\" class=\"wp-post-image wp-image-254\" title=\"Valamar Girandella resort\" alt=\"Valamar Girandella resort\" srcset=\"https:\/\/bifix.hr\/wp-content\/uploads\/2021\/12\/valamar-girandella-resort.jpg 600w, https:\/\/bifix.hr\/wp-content\/uploads\/2021\/12\/valamar-girandella-resort-300x200.jpg 300w\" sizes=\"auto, (max-width: 600px) 100vw, 600px\" \/>\t\n\t\t<\/div>\n\t<!-- \/image-wrap -->\n    \n    \t<div class=\"image-content\">\n\t    \t\t\t<h3 class=\"image-title\">\n\t\t\t\t\t\t\t\t\tValamar Girandella resort\t\t\t\t\t\t\t<\/h3>\n\t    \n\t    \t<\/div>\n\t<!-- \/image-content -->\n    \t<\/div>\n<!-- \/module image -->\t        <\/div>\n\t    \t<\/div>\n\t\t<div  data-lazy=\"1\" class=\"sub_column module_column tf_box col3-1 last tb_k9ca876\"> \n\t    \t    \t        <div class=\"tb-column-inner tf_box tf_w\">\n\t\t    <!-- module image -->\n<div  class=\"module module-image tb_ilg3580   image-center tf_mw\" data-lazy=\"1\">\n        <div class=\"image-wrap tf_rel tf_mw\">\n\t\t    <img loading=\"lazy\" decoding=\"async\" width=\"600\" height=\"400\" src=\"https:\/\/bifix.hr\/wp-content\/uploads\/2021\/12\/Unifas-house.jpg\" class=\"wp-post-image wp-image-253\" title=\"Unifas House\" alt=\"Unifas House\" srcset=\"https:\/\/bifix.hr\/wp-content\/uploads\/2021\/12\/Unifas-house.jpg 600w, https:\/\/bifix.hr\/wp-content\/uploads\/2021\/12\/Unifas-house-300x200.jpg 300w\" sizes=\"auto, (max-width: 600px) 100vw, 600px\" \/>\t\n\t\t<\/div>\n\t<!-- \/image-wrap -->\n    \n    \t<div class=\"image-content\">\n\t    \t\t\t<h3 class=\"image-title\">\n\t\t\t\t\t\t\t\t\tUnifas House\t\t\t\t\t\t\t<\/h3>\n\t    \n\t    \t<\/div>\n\t<!-- \/image-content -->\n    \t<\/div>\n<!-- \/module image -->\t        <\/div>\n\t    \t<\/div>\n\t\t    <\/div>\n\t<\/div><!-- \/themify_builder_sub_row -->\n\t\t<div  data-lazy=\"1\" class=\"module_subrow themify_builder_sub_row tb_tmq3934 tf_w tf_clearfix\">\n\t    \t\t<div class=\"subrow_inner gutter-narrow col_align_top tf_box tf_w\">\n\t\t\t<div  data-lazy=\"1\" class=\"sub_column module_column tf_box col3-1 first tb_nj26934\"> \n\t    \t    \t        <div class=\"tb-column-inner tf_box tf_w\">\n\t\t    <!-- module image -->\n<div  class=\"module module-image tb_7yia935   image-center tf_mw\" data-lazy=\"1\">\n        <div class=\"image-wrap tf_rel tf_mw\">\n\t\t    <img loading=\"lazy\" decoding=\"async\" width=\"600\" height=\"400\" src=\"https:\/\/bifix.hr\/wp-content\/uploads\/2021\/12\/Max-city-Pula.jpg\" class=\"wp-post-image wp-image-252\" title=\"Max City Pula\" alt=\"Max City Pula\" srcset=\"https:\/\/bifix.hr\/wp-content\/uploads\/2021\/12\/Max-city-Pula.jpg 600w, https:\/\/bifix.hr\/wp-content\/uploads\/2021\/12\/Max-city-Pula-300x200.jpg 300w\" sizes=\"auto, (max-width: 600px) 100vw, 600px\" \/>\t\n\t\t<\/div>\n\t<!-- \/image-wrap -->\n    \n    \t<div class=\"image-content\">\n\t    \t\t\t<h3 class=\"image-title\">\n\t\t\t\t\t\t\t\t\tMax City Pula\t\t\t\t\t\t\t<\/h3>\n\t    \n\t    \t<\/div>\n\t<!-- \/image-content -->\n    \t<\/div>\n<!-- \/module image -->\t        <\/div>\n\t    \t<\/div>\n\t\t<div  data-lazy=\"1\" class=\"sub_column module_column tf_box col3-1 middle tb_4qxk935\"> \n\t    \t    \t        <div class=\"tb-column-inner tf_box tf_w\">\n\t\t    <!-- module image -->\n<div  class=\"module module-image tb_1tvw935   image-center tf_mw\" data-lazy=\"1\">\n        <div class=\"image-wrap tf_rel tf_mw\">\n\t\t    <img loading=\"lazy\" decoding=\"async\" width=\"600\" height=\"400\" src=\"https:\/\/bifix.hr\/wp-content\/uploads\/2021\/12\/Hotel-Lone-Rovinj.jpg\" class=\"wp-post-image wp-image-251\" title=\"Hotel Lone Rovinj\" alt=\"Hotel Lone Rovinj\" srcset=\"https:\/\/bifix.hr\/wp-content\/uploads\/2021\/12\/Hotel-Lone-Rovinj.jpg 600w, https:\/\/bifix.hr\/wp-content\/uploads\/2021\/12\/Hotel-Lone-Rovinj-300x200.jpg 300w\" sizes=\"auto, (max-width: 600px) 100vw, 600px\" \/>\t\n\t\t<\/div>\n\t<!-- \/image-wrap -->\n    \n    \t<div class=\"image-content\">\n\t    \t\t\t<h3 class=\"image-title\">\n\t\t\t\t\t\t\t\t\tHotel Lone Rovinj\t\t\t\t\t\t\t<\/h3>\n\t    \n\t    \t<\/div>\n\t<!-- \/image-content -->\n    \t<\/div>\n<!-- \/module image -->\t        <\/div>\n\t    \t<\/div>\n\t\t<div  data-lazy=\"1\" class=\"sub_column module_column tf_box col3-1 last tb_clqv935\"> \n\t    \t    \t        <div class=\"tb-column-inner tf_box tf_w\">\n\t\t    <!-- module image -->\n<div  class=\"module module-image tb_6q1g936   image-center tf_mw\" data-lazy=\"1\">\n        <div class=\"image-wrap tf_rel tf_mw\">\n\t\t    <img loading=\"lazy\" decoding=\"async\" width=\"600\" height=\"400\" src=\"https:\/\/bifix.hr\/wp-content\/uploads\/2021\/12\/bazeni_kantrida_otvoreno_plivaliste_photo_rijeka_sport_doo.jpg\" class=\"wp-post-image wp-image-250\" title=\"Bazeni Kantrida\" alt=\"Bazeni Kantrida\" srcset=\"https:\/\/bifix.hr\/wp-content\/uploads\/2021\/12\/bazeni_kantrida_otvoreno_plivaliste_photo_rijeka_sport_doo.jpg 600w, https:\/\/bifix.hr\/wp-content\/uploads\/2021\/12\/bazeni_kantrida_otvoreno_plivaliste_photo_rijeka_sport_doo-300x200.jpg 300w\" sizes=\"auto, (max-width: 600px) 100vw, 600px\" \/>\t\n\t\t<\/div>\n\t<!-- \/image-wrap -->\n    \n    \t<div class=\"image-content\">\n\t    \t\t\t<h3 class=\"image-title\">\n\t\t\t\t\t\t\t\t\tBazeni Kantrida\t\t\t\t\t\t\t<\/h3>\n\t    \n\t    \t<\/div>\n\t<!-- \/image-content -->\n    \t<\/div>\n<!-- \/module image -->\t        <\/div>\n\t    \t<\/div>\n\t\t    <\/div>\n\t<\/div><!-- \/themify_builder_sub_row -->\n\t\t        <\/div>\n\t    \t<\/div>\n\t\t    <\/div>\n\t    <!-- \/row_inner -->\n\t<\/div>\n\t<!-- \/module_row -->\n\t<\/div>\n<!--\/themify_builder_content-->","protected":false},"excerpt":{"rendered":"<p>Proizvodnja proizvoda za gra\u0111evinarstvo zapo\u010dinje sada ve\u0107 davne 1973. godine osnutkom Bifixa pa proizvodi ovoga programa imaju tradiciju, kvalitetu i iskustvo proizvodnje punih 48 godina. Paletu osnovnih Bifixovih proizvoda za gra\u0111evinarstvo \u010dine ljepila za keramiku i kamen, fasadni toplinski sustav, mase za izravnavanje zidova i podova, impregnacije, boje za unutarnje i vanjske zidove, ukrasne \u017ebuke, [&hellip;]<\/p>\n","protected":false},"author":1,"featured_media":0,"parent":0,"menu_order":0,"comment_status":"closed","ping_status":"closed","template":"","meta":{"footnotes":""},"class_list":["post-46","page","type-page","status-publish","hentry","has-post-title","has-post-date","has-post-category","has-post-tag","has-post-comment","has-post-author",""],"builder_content":"<p>Proizvodnja proizvoda za gra\u0111evinarstvo zapo\u010dinje sada ve\u0107 davne 1973. godine osnutkom Bifixa pa proizvodi ovoga programa imaju tradiciju, kvalitetu i iskustvo proizvodnje punih 48 godina.<\/p> <p>Paletu osnovnih Bifixovih proizvoda za gra\u0111evinarstvo \u010dine ljepila za keramiku i kamen, fasadni toplinski sustav, mase za izravnavanje zidova i podova, impregnacije, boje za unutarnje i vanjske zidove, ukrasne \u017ebuke, hidroizolacija te proizvodi na bazi gipsa. Danas Bifixovu paletu proizvoda za gra\u0111evinarstvo \u010dini <strong>vi\u0161e od 70 razli\u010ditih proizvoda<\/strong>.<\/p> <p>Neki od na\u0161ih istaknutijih i najprodavanijih proizvoda koje izdvajamo su <strong>hidroizolacija H2Ostop<\/strong> \u2013 posebno popularan proizvod sa 100%-tno \u201epogo\u0111enim\u201c omjerom cijene i kvalitete, ljepila za keramiku <strong>Inocoll <\/strong>svih kategorija, proizvodi za toplinsko-energetsku obnovu fasada u sustavu <strong>BIETIKS<\/strong>, zavr\u0161ne dekorativne \u017ebuke <strong>Abrolen-G<\/strong>. Osim navedenog, Bifix je unazad 15 godina razvio i komercijalizirao novu paletu proizvoda, pod krovnim nazivom <strong>BI-ANTIQUE<\/strong> \u2013 razvijenu s namjerom proizvodnje usko-specijaliziranog proizvoda namijenjenog sanaciji starih fasada te gradskih zidina unutar starogradskih jezgri gradova. Upravo ovi su proizvodi kori\u0161teni prilikom sanacija fasada crkvi u Bujama, Umagu, Brtonigli, Mo\u0161\u0107eni\u010dkoj Dragi, rektorata u Rijeci, zidina u Iloku, stambenih objekata u Bujama, Gro\u017enjanu, Rovinju, hotela Plat u Dubrovniku,\u2026itd.<\/p> <p>Zavisno od konzervatorskih zahtjeva, Bifix pod nazivom BI-ANTIQUE mo\u017ee ponuditi dvije grupe proizvoda \u2013 <u>Standardne BI-ANTIQUE proizvode<\/u>: masu za popravak zidova Gletafix-extra, univerzalnu kvarcnu impregnaciju i silikatnu fasadnu boju Abrosil ili finu fasadnu \u017ebuku Naturen-F, te <u>\u201ekonzervatorske\u201c BI-ANTIQUE proizvode<\/u> poput Bi-Antique \u017ebuke na bazi hidrauli\u010dnog vapna i ekopucolana, silikatne impregnacije Bi-Antique i silikatne boje Abrosil Bi-Antique.<\/p> <p><strong>Za sve dodatne informacije oko proizvoda za gra\u0111evinarstvo pogledajte na\u0161 katalog proizvoda ili nam se slobodno javite putem e-maila\/telefona\/online obrasca.<\/strong><\/p> <p><em>Va\u0161 BIFIX tim<\/em><\/p> <p>\u00a0<\/p>\n<h3>Za dodatne informacije pogledajte na\u0161 on-line katalog<\/h3> <a href=\"https:\/\/drive.google.com\/file\/d\/1mjmcZr9KyFuwFU-y90yGVIkzvE-yJewX\/view\" rel=\"noopener\" target=\"_blank\"> KATALOG PROIZVODA ZA GRA\u0110EVINARSTVO <\/a>\n<h3>Za informacije o cijenama pogledajte na\u0161 cjenik proizvoda za gra\u0111evinarstvo <\/h3> <a href=\"https:\/\/bifix.hr\/wp-content\/uploads\/2022\/04\/BIFIX-CJENIK-_01.04.2022.pdf\" rel=\"noopener\" target=\"_blank\"> CJENIK PROIZVODA ZA GRA\u0110EVINARSTVO <\/a>\n<img loading=\"lazy\" decoding=\"async\" width=\"600\" height=\"400\" src=\"https:\/\/bifix.hr\/wp-content\/uploads\/2021\/12\/Villa-Sanda-Slatine.jpg\" title=\"Villa Sanda Slatina\" alt=\"Villa Sanda Slatina\" srcset=\"https:\/\/bifix.hr\/wp-content\/uploads\/2021\/12\/Villa-Sanda-Slatine.jpg 600w, https:\/\/bifix.hr\/wp-content\/uploads\/2021\/12\/Villa-Sanda-Slatine-300x200.jpg 300w\" sizes=\"auto, (max-width: 600px) 100vw, 600px\" \/> <h3> Villa Sanda Slatina <\/h3>\n<img loading=\"lazy\" decoding=\"async\" width=\"600\" height=\"400\" src=\"https:\/\/bifix.hr\/wp-content\/uploads\/2021\/12\/valamar-girandella-resort.jpg\" title=\"Valamar Girandella resort\" alt=\"Valamar Girandella resort\" srcset=\"https:\/\/bifix.hr\/wp-content\/uploads\/2021\/12\/valamar-girandella-resort.jpg 600w, https:\/\/bifix.hr\/wp-content\/uploads\/2021\/12\/valamar-girandella-resort-300x200.jpg 300w\" sizes=\"auto, (max-width: 600px) 100vw, 600px\" \/> <h3> Valamar Girandella resort <\/h3>\n<img loading=\"lazy\" decoding=\"async\" width=\"600\" height=\"400\" src=\"https:\/\/bifix.hr\/wp-content\/uploads\/2021\/12\/Unifas-house.jpg\" title=\"Unifas House\" alt=\"Unifas House\" srcset=\"https:\/\/bifix.hr\/wp-content\/uploads\/2021\/12\/Unifas-house.jpg 600w, https:\/\/bifix.hr\/wp-content\/uploads\/2021\/12\/Unifas-house-300x200.jpg 300w\" sizes=\"auto, (max-width: 600px) 100vw, 600px\" \/> <h3> Unifas House <\/h3>\n<img loading=\"lazy\" decoding=\"async\" width=\"600\" height=\"400\" src=\"https:\/\/bifix.hr\/wp-content\/uploads\/2021\/12\/Max-city-Pula.jpg\" title=\"Max City Pula\" alt=\"Max City Pula\" srcset=\"https:\/\/bifix.hr\/wp-content\/uploads\/2021\/12\/Max-city-Pula.jpg 600w, https:\/\/bifix.hr\/wp-content\/uploads\/2021\/12\/Max-city-Pula-300x200.jpg 300w\" sizes=\"auto, (max-width: 600px) 100vw, 600px\" \/> <h3> Max City Pula <\/h3>\n<img loading=\"lazy\" decoding=\"async\" width=\"600\" height=\"400\" src=\"https:\/\/bifix.hr\/wp-content\/uploads\/2021\/12\/Hotel-Lone-Rovinj.jpg\" title=\"Hotel Lone Rovinj\" alt=\"Hotel Lone Rovinj\" srcset=\"https:\/\/bifix.hr\/wp-content\/uploads\/2021\/12\/Hotel-Lone-Rovinj.jpg 600w, https:\/\/bifix.hr\/wp-content\/uploads\/2021\/12\/Hotel-Lone-Rovinj-300x200.jpg 300w\" sizes=\"auto, (max-width: 600px) 100vw, 600px\" \/> <h3> Hotel Lone Rovinj <\/h3>\n<img loading=\"lazy\" decoding=\"async\" width=\"600\" height=\"400\" src=\"https:\/\/bifix.hr\/wp-content\/uploads\/2021\/12\/bazeni_kantrida_otvoreno_plivaliste_photo_rijeka_sport_doo.jpg\" title=\"Bazeni Kantrida\" alt=\"Bazeni Kantrida\" srcset=\"https:\/\/bifix.hr\/wp-content\/uploads\/2021\/12\/bazeni_kantrida_otvoreno_plivaliste_photo_rijeka_sport_doo.jpg 600w, https:\/\/bifix.hr\/wp-content\/uploads\/2021\/12\/bazeni_kantrida_otvoreno_plivaliste_photo_rijeka_sport_doo-300x200.jpg 300w\" sizes=\"auto, (max-width: 600px) 100vw, 600px\" \/> <h3> Bazeni Kantrida <\/h3>","_links":{"self":[{"href":"https:\/\/bifix.hr\/index.php\/wp-json\/wp\/v2\/pages\/46","targetHints":{"allow":["GET"]}}],"collection":[{"href":"https:\/\/bifix.hr\/index.php\/wp-json\/wp\/v2\/pages"}],"about":[{"href":"https:\/\/bifix.hr\/index.php\/wp-json\/wp\/v2\/types\/page"}],"author":[{"embeddable":true,"href":"https:\/\/bifix.hr\/index.php\/wp-json\/wp\/v2\/users\/1"}],"replies":[{"embeddable":true,"href":"https:\/\/bifix.hr\/index.php\/wp-json\/wp\/v2\/comments?post=46"}],"version-history":[{"count":12,"href":"https:\/\/bifix.hr\/index.php\/wp-json\/wp\/v2\/pages\/46\/revisions"}],"predecessor-version":[{"id":372,"href":"https:\/\/bifix.hr\/index.php\/wp-json\/wp\/v2\/pages\/46\/revisions\/372"}],"wp:attachment":[{"href":"https:\/\/bifix.hr\/index.php\/wp-json\/wp\/v2\/media?parent=46"}],"curies":[{"name":"wp","href":"https:\/\/api.w.org\/{rel}","templated":true}]}}